ative of x(n). Give j(-3).
3
Let u(d) = -d**3 + 7*d**2 - 5*d - 8. Let g = 98 - 92. What is u(g)?
-2
Let k(s) be the first derivative of -9*s**2/2 + s + 6. Determine k(-1).
10
Let u be -10*(-8 - 4/(-1)). Suppose -d = -5*x + d - 35, -u = 3*x - 5*d. Let l(m) be the first derivative of m**3/3 + 3*m**2/2 - 3*m + 1. Give l(x).
7
Let g be (2/4)/(1*3/12). Let f(c) = -4*c**3 + 2 + 5*c**3 - 4*c + 0 - 2*c**2 + 5*c**g. Calculate f(2).
14
Let t(g) = 4*g. Suppose 2*z + 11 = -v, 4*z + 74*v - 13 = 79*v. What is t(z)?
-12
Suppose -b - 2*h = -5*h - 17, 5*h = -4*b - 17. Let i(n) = -3*n - b*n**2 + 3*n**2 - 1 - n**3 + 5*n - 2*n**2. Determine i(2).
-9
Let w(a) = -3*a**3 + 2*a**2 + a. Suppose -2*p = 9*p + 11. Give w(p).
4
Let u(p) be the third derivative of 13*p**5/60 - p**4/24 - p**2 + 44. Calculate u(1).
12
Let f(z) = -3*z**3 - z**2 + z. Let d(k) = -k + 11. Let c be d(8). Suppose -4*p + 24 = 4*y, -7*y = -2*y + c*p - 20. Give f(y).
-3
Let h(b) be the third derivative of -b**5/30 - 7*b**4/24 - b**3/2 - 633*b**2. Suppose 0 = 3*k + 18 - 3. Determine h(k).
-18
Let q(n) be the first derivative of -n**3/3 - 9*n**2/2 - 15*n + 362. Determine q(-6).
3
Let l(x) = -4*x - 9*x + 16*x - 5*x - 2*x. Calculate l(6).
-24
Let m(x) = 4*x + 18. Let y be m(-4). Let t(o) = 12*o + 8*o**2 - 4*o**y - 2*o**2 - 3*o + 2. Determine t(-6).
20
Let q(n) = 5*n**3 + n + 1. Suppose -5*v - 4*j = 9, -7*v + 5*v = 2*j + 4. Calculate q(v).
-5
Let j(c) = -3*c**3 - c. Let q(x) = -11*x**3 - 8*x**2 - 4*x + 11. Let i(m) = 4*j(m) - q(m). Calculate i(8).
-11
Let n(s) = -49 + 11 + 17 + 15 + s + 12. What is n(10)?
16
Suppose -2*b + 5*t - 4 = 0, 16*b - 5*t = 12*b + 2. Let m(o) = o**3 - o**2 + o - 14. Give m(b).
7
Let y(f) = -f**3 - 2*f + 3. Let x be y(0). Let o(n) = -111*n**3 - 2*n + 110*n**3 + 0*n**2 + 4*n**2. What is o(x)?
3
Let c = 858 + -855. Let j(q) = -q**2 + 5*q - 3. Determine j(c).
3
Suppose 0 = 2*q + 3*u + 2, -q - 196*u = -194*u + 1. Let x(z) be the first derivative of 4*z**2 - z + 1. Give x(q).
-9
Let f(q) = q. Let n be 3/(-6)*-4*(-6)/(-12). Give f(n).
1
Let q(p) = -7*p**3 - 14*p**2 + 2*p + 3. Let r(m) = 6*m**3 + 13*m**2 - 2*m - 3. Let o(c) = -5*q(c) - 6*r(c). Let d be -8 + (((-2)/(-1))/2 - 1). Calculate o(d).
-13
Let q(h) = 4 + 17*h + 5 + 2*h - 18*h - h**2. Give q(4).
-3
Suppose -5*b + 0*x = -4*x - 4, 5*x = 4*b + 4. Let w(c) = -1 + 24*c - 23*c + b. Calculate w(4).
7
Let x(h) be the first derivative of -h**2 - h - 93. What is x(1)?
-3
Let p(w) be the second derivative of -w**5/20 + w**3/6 + w. Suppose 30*o - 96 = 28*o. Let b = -47 + o. Calculate p(b).
0
Let d(v) = 4*v + 21. Let l(n) = 8*n + 54. Let q(t) = 9*d(t) - 4*l(t). Give q(8).
5
Let k(i) = 4*i**3 + 16*i**2 - 15*i - 11. Let q = -2 - -3. Let o(m) = -q - 9*m**2 + 5 - 1 + 5*m**2 - m**3 + 4*m. Let y(v) = 2*k(v) + 9*o(v). Calculate y(-5).
0
Let t(j) = -2*j + 2. Let i be -20 - ((-176)/28 - 6/(-21)). What is t(i)?
30
Let m = -225 - -217. Let r(d) = -d**2 - 10*d - 2. What is r(m)?
14
Let m(g) be the first derivative of -g**3/3 - g**2/2 + g + 998. Suppose 7*y - 2*y - 15 = 0. What is m(y)?
-11
Let p(y) be the first derivative of -32 + 1/2*y**2 - 14*y. Determine p(10).
-4
Let s(i) = i - 14 - 17 + 32. Suppose 29*z + 28 = -175. Calculate s(z).
-6
Let a(f) = -3 + 8*f**3 - 9*f**3 - 8*f**2 - 7*f + 3*f - 6*f. Determine a(-7).
18
Let d(a) be the third derivative of -a**5/60 + 5*a**4/24 + 17*a**3/3 - 23*a**2. Let s(k) be the first derivative of d(k). Give s(-7).
19
Let m(u) = -7*u - 5. Let c(y) = -14*y - 9. Let i(g) = 3*c(g) - 5*m(g). Suppose -2*h - 2 = 2. Give i(h).
12
Let w(r) = r**3 - 10*r**2 + 5*r - 3. Let j be ((-666)/(-54) + -9)/((-1)/(-3)). Calculate w(j).
47
Suppose 463 - 85 = -9*i. Let u = i - -35. Let h(b) = b**3 + 8*b**2 + 7*b - 7. Determine h(u).
-7
Let t(y) = -11*y - 4*y + 2 + 12*y - 3*y**2 - 1. What is t(-2)?
-5
Suppose 0 = -5*i, i = 3*y - i + 15. Suppose -824 = -2*v + 5*s, -5*v - 430 + 2544 = s. Let b(t) = -v*t - 8 + 848*t - 427*t. Determine b(y).
-3
Let g(u) be the third derivative of u**5/60 + 7*u**4/12 - 20*u**3/3 + u**2 - 390. Calculate g(-17).
11
Let z be (-8 - 84/(-18))*12/(-5). Let f(i) = i**2 - 13*i + 1. Determine f(z).
-39
Let b(k) = -11*k**3 + 6*k**2 - 7*k - 1. Let g(s) = s**3 - s**2 + s. Let v(o) = b(o) + 6*g(o). Let i be ((-15)/(-45))/(2/(-6)). Determine v(i).
5
Let c = 567 + -569. Let p(n) be the third derivative of n**4/24 - n**3/3 - n**2. Give p(c).
-4
Let n(t) = 2*t + 6. Let b be (-8)/(-6)*(7 + -6)*3. Determine n(b).
14
Let w(j) = 2*j - 44. Let l be w(21). Let n(k) be the second derivative of k**4/3 + k**3/2 + 3*k**2/2 - k. Determine n(l).
13
Let r be -2 - (2 + -2) - -7. Let b(q) be the first derivative of 2*q**2 - 4*q + 3. Let i(w) = 1. Let h(z) = -b(z) + 3*i(z). Give h(r).
-13
Suppose -3*y + 6 = 0, -4*a + y - 27 - 3 = 0. Suppose 0 = 5*x - 3 - 7. Let c = x + a. Let v(b) = -b - 3. Determine v(c).
2
Let o(v) = -v - 3. Let a = -33 - 30. Let l = 56 + a. What is o(l)?
4
Let p(w) = w - 16. Let g be p(0). Let d = g - -24. Suppose d*f + 27 = 3. Let h(m) = -m**3 - 2*m**2 - 2. What is h(f)?
7
Let o(f) = -5*f**2 - 2*f - 3*f**3 - 2*f**3 - 1 + 4*f**3. Suppose 8*k + 6 = 11*k. Let a be 3*((-2)/k)/1. Calculate o(a).
-13
Suppose 4*n + 9 = n. Let w be (-3 - (-24)/9)*n. Let c(q) = 6 - w + q + q. Calculate c(-6).
-7
Let d be (-1 - 0/(-7)) + 1. Let k(h) be the second derivative of 0 - 6*h - 11/6*h**3 + d*h**2. Determine k(1).
-11
Suppose 5*o + 2*q + q - 4 = 0, 3*o + 3*q = 0. Let i(z) = z**2 - z - 1. Give i(o).
1
Let m(n) = 0*n**2 - 10*n**2 + 41*n - 7 - 39*n + 6*n**2 + n**3. Give m(3).
-10
Suppose 3 = -3*c - 3*w - w, 2*c = -2*w. Let z(q) = 4 - 11 - c*q + 4. Give z(-3).
6
Let i(n) = -11*n**3 - 10*n**2 - 6*n - 10. Let y(c) = -13*c**3 - 11*c**2 - 6*c - 12. Let f(b) = 6*i(b) - 5*y(b). Calculate f(-3).
0
Let j(d) = 31 + 0*d - 36 + 4*d + d**2. Let x be 3*1*8/6. Suppose -2*z - x*b = -0*b, -4*b + 42 = -5*z. Calculate j(z).
7
Let u(p) = -p**2 + 7*p - 8. Let w = 48 + -18. Let l be (34/(-85))/((-2)/w). What is u(l)?
-2
Let x = -5 - -7. Let s(f) = 1 + f**x + 2*f + 0*f**2 - 3. Suppose -8 = -3*k + 2*v, 5*k - 15 = -0*v + 5*v. Calculate s(k).
6
Let h(m) = -2*m + 5. Let u(s) = -s + 5. Let p(a) = 2*h(a) - 3*u(a). Calculate p(-15).
10
Let m(s) = -s**3 - 10*s**2 + 6. Let k(w) = -w**3 - 6*w**2 + 11*w + 18. Let o be k(-7). Determine m(o).
6
Let q(n) = -3*n**3 - 3 - 3*n - 4*n**2 + 2*n**3 + 2*n**2. Suppose -12 - 23 = -7*v. Suppose 0 = 3*z - v*z - 4. Give q(z).
3
Let f(k) = -1 + k - 1 + 3. Let q(w) = -4*w + 27. Let j be q(7). Let m(o) = -o**2 - o - 10. Let a(b) = j*m(b) - 6*f(b). Give a(4).
0
Let f(l) = -24*l**3 + 2*l**2 - 5*l + 12. Let q(p) = -47*p**3 + 4*p**2 - 9*p + 22. Let j(k) = -11*f(k) + 6*q(k). What is j(-1)?
19
Let a(v) = -2*v**3 - 21*v**2 - 9*v + 7. Let m(y) = -3*y**2 + 72*y - 10. Let t be m(24). What is a(t)?
-3
Let u = 4 + -8. Let w(f) = f**2 + f - 10. Let q be w(u). Let s(t) = -t**3 + 2*t**2 - 3*t + 3. Give s(q).
-3
Let n(z) = z - 1. Suppose 5*u = -p + u - 12, 0 = 2*p + u + 31. Let q = -23 - p. Calculate n(q).
-8
Suppose 0 = 5*q - q - 28. Suppose 6 = 4*d + 2*m, m - q + 5 = -3*d. Let p(y) = 7*y**3 + y**2 + y + 1. What is p(d)?
-6
Let k(t) = -2*t. Let x be (-2)/((-2)/3) - 0. Let h(n) = n + 1. Let d be h(x). Suppose 5*y = d*y - 2. What is k(y)?
4
Let n(u) = -4*u**2 - 37*u + 1. Let h(w) = -4*w**2 - 31*w + 1. Let x(f) = 6*h(f) - 5*n(f). Determine x(2).
-17
Let q(z) = -z - 7. Let c be q(-9). Let k(m) = 13 - 5 + 3*m - c*m - 3. Determine k(-5).
0
Let i(q) = -2*q + 7. Suppose 0 = -7*r - 4*r - 242. Let f = 14 + 13. Let z = r + f. What is i(z)?
-3
Suppose p + 4*p = 10. Suppose -2*u + v + 4*v = -16, v - p = 0. Suppose 3*h - 24 = -h + 2*x, 0 = 3*h + x - u. Let d(t) = -t**3 + 5*t**2 + t - 5. Determine d(h).
0
Let t(c) = -c**3 + 2*c + 1. Let w be t(-1). Let z(s) = 8 + s + w*s - 11. Let d be 0/(3*8/12). Calculate z(d).
-3
Suppose 5*y - 4*f + 19 = 0, 0 = 3*f - 3 - 0. Let r(k) = 2*k**2 + 2*k - 3. What is r(y)?
9
Let m(o) = -1. Let j(l) be the first derivative of l**2 - 8*l + 1. Let n(s) = j(s) - 6*m(s). Let h(q) = -q**2 - 8*q - 9. Let u be h(-7). Calculate n(u).
-6
Let c(v) = 3*v - 4. Let k be 1*3/(-6)*2. Suppose 2*u - 19 = 3*z, 3*u - z = 4*z + 31. Let y = u - k. Give c(y).
5
Let a be -1*35/(-21) - 37/(-3). Let b(i) = i**2 - 12*i - 30. Give b(a).
-2
Let y(x) be the second derivative 